r when 42 is divided by c?
9
Suppose 141*w - 36 = 139*w. Calculate the remainder when 70 is divided by w.
16
Suppose 81*s - 112*s = -1891. Calculate the remainder when s is divided by 11.
6
Let k(o) = -o**3 - 7*o**2 - 9*o - 13. Let p be k(-6). Suppose -9 = -p*f + 2*f. What is the remainder when 3/(-1)*(-9)/3 is divided by f?
0
Let q(y) = -y**2 - 18*y + 7. What is the remainder when 867 is divided by q(-6)?
77
Let v be (3/6)/((-1)/4). Suppose 12 = 3*r, f = -2*r - r + 2. What is the remainder when 23 is divided by (v - f)*6/4?
11
Suppose -3*r + 5*u - 63 = -4*r, 5*u + 302 = 4*r. Calculate the remainder when r is divided by 29.
15
Let s(x) = 4*x**2 + 11*x + 47. Calculate the remainder when s(-9) is divided by 69.
65
Let b = -45 - -50. Let d = 198 + -164. Calculate the remainder when d is divided by b.
4
Suppose -4*a + 9*f = 4*f - 35, 5*f - 25 = 0. What is the remainder when 191 is divided by a?
11
Suppose -4*i + 194 = -2*n, 2*n = -5*i - 3*n + 220. What is the remainder when i is divided by 15/30 + 3/(6/11)?
5
Suppose -8*h = -26*h + 252. Calculate the remainder when 249 is divided by h.
11
Suppose -4*k - 2 = 2, r = k - 62. Suppose 3*h - 84 = -h. What is the remainder when -7 - (2 + -6) - r is divided by h?
18
Let v be -1*(-2 + 3)*-3. Let z = 16 - v. Calculate the remainder when 64 is divided by z.
12
Let k be (15/(-10))/(9/(-6))*-3. Let b = 6 - 9. Calculate the remainder when 93 is divided by (k - 17/b)*12.
29
Let z(q) = q**3 + 5*q**2 - 5*q + 6. Suppose -6*i = -2*i + 20. Let y = -1335 - -1395. What is the remainder when y is divided by z(i)?
29
Let a = 17 + -4. Let x(p) = -5*p + 9 + 3 - 22. Calculate the remainder when x(-7) is divided by a.
12
Let d = 911 + -836. Calculate the remainder when d is divided by 6.
3
Let t = -3 - -6. Suppose c - 1 = -2*c + 2*n, t*n = 2*c - 4. What is the remainder when 36 + -2 + 0 + c is divided by 9?
6
Suppose -5*p + 90 + 220 = -5*k, 4*p - 252 = 5*k. Calculate the remainder when p is divided by 17.
7
Let k be (-1 - -24) + (1 - 1). Let c = 62 - 51. Let z = k - c. Calculate the remainder when 46 is divided by z.
10
Suppose 5*x = -35*x + 2520. What is the remainder when x is divided by 22?
19
Let h = -255 - -480. What is the remainder when h is divided by 46?
41
Suppose 2*q + 3*r + 2 = 26, -4*q = -5*r - 48. Suppose 0 = -110*t + 117*t - 245. Calculate the remainder when t is divided by q.
11
Let n(f) = 23*f**2 + f - 1. Let u(b) = 12*b**2 + 3*b + 1. Suppose 0 = 3*r + 2 + 4. What is the remainder when u(r) is divided by n(1)?
20
Let h be (-19)/(-2) - 3/6. Suppose -s + 2 = -h. Let l = -571 + 614. What is the remainder when l is divided by s?
10
Suppose 5*a + 10 = 0, 0*b - 5*a + 10 = -4*b. What is the remainder when -4 + 2 + b + 76 is divided by 20?
9
Let o(n) = 28*n**2 - n - 2. Let b be o(-2). Let x = -53 + b. Suppose -3*v = s - x - 17, -2*s + v + 131 = 0. What is the remainder when s is divided by 23?
21
Let t be ((-408)/30)/(4/(-10)). Suppose 8 + t = 2*r. Suppose 56 = r*q - 19*q. Calculate the remainder when 81 is divided by q.
25
Let y(x) = -x**3 - 4*x**2 - 3*x. Let g be y(-2). Let d = 230 + -163. Calculate the remainder when d is divided by (g*(-1)/2)/((-4)/(-92)).
21
Let h = 85 + -57. Let n(y) = 7*y**3 - 2*y**2 + 3*y - 1. Let d = 8 - 6. What is the remainder when n(d) is divided by h?
25
Let j = -205 - -236. Calculate the remainder when j is divided by 11.
9
Calculate the remainder when (258/5)/(375/1250) is divided by 7.
4
What is the remainder when 623/4 - 138/(-552) is divided by 35?
16
Let q(n) = n - 7. Let z be q(3). Let y(t) = -t**2 - 14*t - 21. Let m be y(-12). Let c = m - z. What is the remainder when 25 is divided by c?
4
Let b = 31 + -51. Calculate the remainder when 28 is divided by 8/b - (-208)/20.
8
Suppose 106 = 4*y - 378. Let m(c) = c**3 + 10*c**2 + 6*c + 24. Let k be m(-10). Let d = -5 - k. What is the remainder when y is divided by d?
28
What is the remainder when 414 is divided by 317*2/6 + 210/(-315)?
99
Suppose -7*g + 8*g = 0. Suppose -u + 4*d + 11 = 5, -4*u + 2*d + 24 = g. What is the remainder when 22 is divided by u?
4
Suppose -3*t + 29 = 5*i - 13, i = 2*t - 15. Let j = 3 - 1. Calculate the remainder when t is divided by (-3 + j)*-1 - -2.
0
Let y = -406 + 456. Suppose -4*t + 58 = -46. Calculate the remainder when y is divided by t.
24
Calculate the remainder when 9180/50*(-5)/(-4)*2 is divided by 21.
18
Suppose -r + 3*i + 21 = 0, 3*r + 2*i + 0*i = 63. Let j = 235 - 227. Let k = r - j. What is the remainder when 51 is divided by k?
12
Suppose -4*v + 5*c = -231, -v + 294 = 4*v - c. Calculate the remainder when v is divided by 22.
15
Let x(r) = -6*r + 10. Let p be x(4). Let d = p - -86. Calculate the remainder when d is divided by 25.
22
Let w = 809 - 759. Calculate the remainder when 141 is divided by w.
41
Let j = 1143 - 853. Calculate the remainder when j is divided by 76.
62
Let o be 123/2 - (42/(-12) - -5). Calculate the remainder when 3432/o + 1/(-5) is divided by 12.
9
Suppose -5*x + 2 = -13. Let c(o) = 8*o - 1. What is the remainder when c(x) is divided by 7?
2
Suppose -3*r = -x - 12, 0*x + x + r = 0. Calculate the remainder when (-11)/(-1*x/(-9)) is divided by 17.
16
Suppose 2*c - 75 = 3*b, 19*b - 17*b - 10 = 0. What is the remainder when c is divided by 24?
21
Suppose o - 16 = -4*t, -23 = -4*o - o - t. Suppose 18 = o*d + 2. What is the remainder when 67 is divided by 93/4 - 1/d?
21
Let m(h) = 9 + 9*h + 8*h + 3 - 5*h**2 + 6*h**2. Calculate the remainder when m(-17) is divided by 6.
0
Let r(y) = y**2 - 8*y - 1. Let v be r(7). Let k = 12 - v. Calculate the remainder when k is divided by 12.
8
Let y = 35 - 28. Suppose -84 = 4*z - y*z. Suppose -2*s = -57 - 49. What is the remainder when s is divided by z?
25
Let b(m) = m**2 + 3*m + 7. Suppose 5*y - 9 = -3*t + 16, -y - 23 = -5*t. What is the remainder when b(t) is divided by 25?
22
Let l = 41 + -1. What is the remainder when 139 is divided by l?
19
Let v(z) = -21*z - 222. What is the remainder when 37 is divided by v(-11)?
1
Let h be -2 + 1166/(-8) + (-7)/28. Let r = h - -215. What is the remainder when r is divided by 14?
11
Suppose 5*d = 5*l + 54 + 146, 4*d - 154 = 5*l. Calculate the remainder when d is divided by (-34)/8*(-3 - 1).
12
Let z = 149 - 893. Calculate the remainder when (10/(-3) - -2)/(16/z) is divided by 16*(0 + 0 - -1).
14
Let z be (26/(-39))/((-4)/(-78)). Let b = 6 - z. What is the remainder when 111 is divided by b?
16
Let j be (-13 + 3)/((-4)/2). Suppose j*w = 2*w + 3. What is the remainder when w is divided by 0 + -2 - (-3 + 0)?
0
Suppose 0 = v + 3*z, 0 = 4*v - 0*z + 5*z - 14. Suppose 13*a = v*a + 56. What is the remainder when 15 is divided by a?
7
Let a = -36 + 28. Let p = 1 - a. Calculate the remainder when 15 is divided by p.
6
What is the remainder when 561 is divided by (-7 - (-100)/(-10))*(-2 + 0)?
17
Let g = -81 + 140. Let t = -967 - -977. What is the remainder when g is divided by t?
9
Let b = 4 - -1. Suppose 150 = -0*k + b*k. What is the remainder when k is divided by 3/(-2)*32/(-6)?
6
Suppose 6*a - 128 = 52. Let k(z) be the first derivative of 2*z**2 - 5*z - 2. Calculate the remainder when a is divided by k(4).
8
Let m(w) = w**3 - w**2 - w + 61. Suppose 2*s = 3*s. Let k(d) = -d**2 + 9*d + 7. Calculate the remainder when m(s) is divided by k(7).
19
Let u = 4 + 0. Let x(s) = 0*s**2 - 8 - 6*s + u*s**2 + 4 - 5*s**2. What is the remainder when x(-5) is divided by 1?
0
Let r = -25 + 32. What is the remainder when (-4)/((-285)/93 + 3) is divided by r?
6
Suppose 5*j = j + 60. Suppose 0 = 2*c - 8, -j = -3*l + 2*l - 3*c. What is the remainder when (l - (-6 - -4))*1 is divided by 3?
2
Let v = 72 - 44. Calculate the remainder when 642 is divided by v.
26
What is the remainder when 48/64*1928*3/18 is divided by 10?
1
Suppose 106 = 5*f + 2*g, -f - 4*g + 36 = f. Let s = -44 + f. Calculate the remainder when -5 - -2 - s*1 is divided by 5.
4
Suppose 7*v + 2*y - 26 = 2*v, -3*y - 7 = -4*v. Suppose a = v*a + 54. Calculate the remainder when 26 is divided by (-6)/3*a/4.
8
Let n be (-2)/(-12) + (-236)/(-24). Let y(q) = -q**3 + 10*q**2 - q + 8. Let d be y(n). What is the remainder when 157 is divided by 80/6*(d - -5)?
37
Let o(a) = -10*a + 1 - 1 - 1 - 3*a. What is the remainder when o(-2) is divided by ((-4)/6)/((-8)/108)?
7
Let i(s)